{"id":44,"date":"2023-05-20T17:40:43","date_gmt":"2023-05-20T17:40:43","guid":{"rendered":"https:\/\/gutachter-elektroschaden.de\/?page_id=44"},"modified":"2023-05-22T07:32:27","modified_gmt":"2023-05-22T07:32:27","slug":"meine-leistungen","status":"publish","type":"page","link":"https:\/\/gutachter-elektroschaden.de\/?page_id=44","title":{"rendered":"Meine Leistungen"},"content":{"rendered":"\n<p><\/p>\n\n\n\n<h2 class=\"wp-block-heading\">Gutachten <\/h2>\n\n\n\n<ul>\n<li>Gerichtsgutachten, nach Beweisbeschluss<\/li>\n\n\n\n<li>Privatgutachten, Beweissicherung<\/li>\n<\/ul>\n\n\n\n<h2 class=\"wp-block-heading\">Beratung<\/h2>\n\n\n\n<ul>\n<li>Beratung bei der Planung, Ausf\u00fchrung und Instandsetzung<\/li>\n\n\n\n<li>Begehung zum Ende der Gew\u00e4hrleistung <\/li>\n\n\n\n<li>Pr\u00fcfung der technischen Dokumente<\/li>\n<\/ul>\n\n\n\n<h2 class=\"wp-block-heading\">Messungen<\/h2>\n\n\n\n<ul>\n<li>Pr\u00fcfung von Elektroanlagen nach VDE 0100-600 und 0105- <\/li>\n\n\n\n<li>Pr\u00fcfung von Elektroanlagen nach DGUV V3.<\/li>\n<\/ul>\n\n\n\n<h2 class=\"wp-block-heading\">Schulungen<\/h2>\n\n\n\n<ul>\n<li>Elektrotechnisch unterwiesene Person (EuP)<\/li>\n\n\n\n<li>Elektrofachkraft f\u00fcr festgelegte T\u00e4tigkeiten (EFfK)<\/li>\n\n\n\n<li>Nachschulung f\u00fcr Elektrofachkraft f\u00fcr festgelegte T\u00e4tigkeiten<\/li>\n\n\n\n<li>Jahresunterweisung wie z.B. Sicherheitsunterweisung <\/li>\n<\/ul>\n","protected":false},"excerpt":{"rendered":"<p>Gutachten Beratung Messungen Schulungen<\/p>\n","protected":false},"author":1,"featured_media":0,"parent":0,"menu_order":2,"comment_status":"closed","ping_status":"closed","template":"","meta":[],"_links":{"self":[{"href":"https:\/\/gutachter-elektroschaden.de\/index.php?rest_route=\/wp\/v2\/pages\/44"}],"collection":[{"href":"https:\/\/gutachter-elektroschaden.de\/index.php?rest_route=\/wp\/v2\/pages"}],"about":[{"href":"https:\/\/gutachter-elektroschaden.de\/index.php?rest_route=\/wp\/v2\/types\/page"}],"author":[{"embeddable":true,"href":"https:\/\/gutachter-elektroschaden.de\/index.php?rest_route=\/wp\/v2\/users\/1"}],"replies":[{"embeddable":true,"href":"https:\/\/gutachter-elektroschaden.de\/index.php?rest_route=%2Fwp%2Fv2%2Fcomments&post=44"}],"version-history":[{"count":7,"href":"https:\/\/gutachter-elektroschaden.de\/index.php?rest_route=\/wp\/v2\/pages\/44\/revisions"}],"predecessor-version":[{"id":117,"href":"https:\/\/gutachter-elektroschaden.de\/index.php?rest_route=\/wp\/v2\/pages\/44\/revisions\/117"}],"wp:attachment":[{"href":"https:\/\/gutachter-elektroschaden.de\/index.php?rest_route=%2Fwp%2Fv2%2Fmedia&parent=44"}],"curies":[{"name":"wp","href":"https:\/\/api.w.org\/{rel}","templated":true}]}}